when h is divided by q(-4)?
12
Suppose 2*s - 8 = 2. Suppose 4*t - 8 = 3*n - 89, t = -s*n + 135. What is the remainder when 78 is divided by n?
24
What is the remainder when (-1 + -6)*(-15 + 8) is divided by 13?
10
Let q be ((-105)/2)/5*-2. Suppose -4*m = q - 69. Calculate the remainder when 23 is divided by m.
11
Let l = 6 + -3. What is the remainder when l is divided by 2?
1
Suppose -164*u + 25 = -159*u. What is the remainder when u is divided by 18/5 + 2/5?
1
Suppose -h + 2*w + 25 = 0, 3*h - 7*h + w = -93. What is the remainder when h is divided by (-4)/(-2*3/12)?
7
Let h = -1 - -3. Suppose 5*x = 5*v + 65, 0 = 2*x + 3*x + h*v - 51. What is the remainder when 32 is divided by x?
10
Suppose -2*k + 76 = 7*y - 2*y, 3*k - 105 = -3*y. Calculate the remainder when k is divided by 6/2*(5 + 1).
15
Let s be 4/(-2) + -2 + -1. Calculate the remainder when 22 is divided by (-20)/s - (-5 + 3).
4
Suppose 21*r - 30*r = -81. What is the remainder when 3*3/(6/16) is divided by r?
6
Let h(x) = -4*x + 30 + 5*x + x**2 - 23. Suppose -6*j = -j + 30. Calculate the remainder when h(j) is divided by 19.
18
Suppose -2*f - 5*p - 50 = 0, -3*f - 2*p = -2*f + 24. Suppose 74 = 2*k - 4*k. Let t = f - k. Calculate the remainder when t is divided by 9.
8
Let f(p) = p**3 - 6*p**2 + 4. Let i be f(6). Suppose m + i*g = -2*m + 269, -3*g + 15 = 0. Calculate the remainder when m is divided by 21.
20
Let y(g) = -g**2 + g + 5. Let c be y(0). Let l = c - 3. What is the remainder when 21/9 - l/(-3) is divided by 2?
1
Let b = 5 + -1. Suppose -5*t = -6 - b. Calculate the remainder when 2 is divided by t.
0
Suppose n - 12 = 3*h, 3*n - 6*n = 5*h + 6. What is the remainder when 6/(-9)*42/(-4) is divided by n?
1
Suppose -26*q - 66 = -32*q. Calculate the remainder when 52 is divided by q.
8
Suppose 4*f = 66 + 42. Calculate the remainder when f is divided by 7.
6
Suppose 0 = -5*h - 5*l + 35, -2*l - 1 = -3*h - l. Calculate the remainder when (-6)/(-3) + (-1 - -2) is divided by h.
1
Let o = -174 + 64. Let n = -78 - o. What is the remainder when 127 is divided by n?
31
Let f = 1 + 2. Let n(k) = -k**2 + 7*k + 3. Let u be n(5). Suppose -u - f = -q. Calculate the remainder when q is divided by 6.
4
Suppose -2*o - 4*x + 4 = 0, 4*o + 0*o = -5*x + 20. Let v(b) = -b - 4. Let r be v(-6). Calculate the remainder when r/(4/(-222)*-3) is divided by o.
7
Let m = -3 + 16. Calculate the remainder when m is divided by 8.
5
Let v(x) = x**2 - 3*x - 9. What is the remainder when v(-6) is divided by 16?
13
Suppose 0 = z + i - 31, -154 + 30 = -4*z + 5*i. Suppose 0 = -5*w + 4*h + 59, -w - w - h + 21 = 0. What is the remainder when z is divided by w?
9
Suppose 7*q = 6*q. Suppose 0 = 3*z - 2*c - 43, 3*z - 5*c + 2 - 51 = q. Calculate the remainder when z is divided by 7.
6
Let m = 348 + 70. What is the remainder when m is divided by 42?
40
Suppose 229 = 5*u + 2*n, -4*u - 28 = -2*n - 204. Let x = -28 + u. Calculate the remainder when 50 is divided by x.
16
Let t(b) = 4*b**2 - b - 2. Suppose -5*u + 9*q - 13*q = -462, 282 = 3*u + 4*q. What is the remainder when u is divided by t(3)?
28
Suppose 4*i - 2*i - 5*c - 37 = 0, 2*c + 21 = i. Calculate the remainder when i is divided by (-4 + (-8)/(-3))*-12.
15
Suppose 5*d - 2*d = 102. Let u = -10 + d. Calculate the remainder when u is divided by 13.
11
Calculate the remainder when 267/21 - (-4)/14 is divided by 7.
6
Let j(h) = -h**3 - 7*h**2 + 7*h + 28. What is the remainder when j(-8) is divided by 19?
17
Let n = -102 - -152. Suppose 28*a + 119 = 35*a. Calculate the remainder when n is divided by a.
16
Suppose -25 = -3*i + 14. Calculate the remainder when 24 is divided by i.
11
Let g(j) = j**3 + 3*j**2 - 12*j - 2. Calculate the remainder when g(-5) is divided by 5.
3
Let c = -4 - -4. What is the remainder when 64/2 + 1 + c is divided by 17?
16
Let c = 17 - -1. Suppose -s = 7 + 1. What is the remainder when c is divided by (-3)/(3/s) - 1?
4
Suppose 0 = 2*q - 10, q = -3*t + 103 + 25. Calculate the remainder when t is divided by 14.
13
Suppose 0 = 2*x + 33 - 1. Let b = 47 + x. Let m = -87 - -95. What is the remainder when b is divided by m?
7
Suppose -4*m = -m - 120. Calculate the remainder when 77 is divided by m.
37
Let f(b) = b + 12. Let s be f(-8). Calculate the remainder when 16 is divided by 296/32 - 1/s.
7
Let t be (-16)/6*12*1. What is the remainder when -5 + 3 - (-1 + t) is divided by 8?
7
Suppose 0 = 4*d - a - 8, 5*a - 8 = d + 9. Suppose s - d*s = -68. What is the remainder when s is divided by 12?
10
Let g(c) = -c**3 - 2*c**2 + 5*c. What is the remainder when 23 is divided by g(-4)?
11
Let z = -5 + 10. What is the remainder when 7 is divided by z?
2
What is the remainder when 4 is divided by ((-2)/6)/((-15)/90)?
0
Let s(c) = -c**2 - 8*c + 2. Let m be s(-8). Suppose 0 = m*l - 3*v - 8 - 6, 3*v + 22 = 4*l. What is the remainder when 9 is divided by l?
1
Let m = 18 + -13. Calculate the remainder when 15 + -5 + (-2 - -5) is divided by m.
3
Let g(i) = i**3 + 5*i**2 - 3*i. Let n(f) = 11*f + 140. Let x(p) = -4*p - 47. Let b(o) = 3*n(o) + 8*x(o). What is the remainder when b(0) is divided by g(-5)?
14
Let h be 1 - -9 - (2 - 3). Let i = h + -5. Let z(g) = g**3 - 5*g**2 - 5*g + 8. What is the remainder when 41 is divided by z(i)?
13
Let c be (-28)/8*(-4)/7. Suppose 2*l - 80 = -c*l - 2*a, 8 = 2*a. Calculate the remainder when 34 is divided by l.
16
What is the remainder when 23 is divided by (-21)/14*52/(-6)?
10
Let n(p) = -29*p + 4. Let r be n(-7). Let b = -130 - -143. What is the remainder when (-2)/3*r/(-6) is divided by b?
10
Suppose 0 = -2*g + 20 - 4. Calculate the remainder when g/(-20) + (-337)/(-5) is divided by 23.
21
Let z(w) = -w - 13. Let t(q) = 2*q + 14. Let l(k) = 4*t(k) + 5*z(k). Let i = 10 + -3. What is the remainder when 33 is divided by l(i)?
9
Let z(y) be the first derivative of y**3/3 - y**2 + y - 1. Suppose 2*m + 24 = 34. What is the remainder when 29 is divided by z(m)?
13
Let f(t) = t**2 + 2*t + 3. Let r = 16 + -12. What is the remainder when (-4)/(r/30*-3) is divided by f(-3)?
4
Suppose -5*d = -6*d + 147. Let o = 206 - d. Let x = -27 + 47. What is the remainder when o is divided by x?
19
Suppose -16 = 14*b - 128. What is the remainder when b is divided by 1?
0
Suppose 6*x + 7*x - 793 = 0. Calculate the remainder when x is divided by -2 + 1 - (-18 + 1).
13
Suppose -2*c + 63 = 25. Let i(j) = -2*j**2 + j - 1. Let p be i(1). Let m = 5 - p. What is the remainder when c is divided by m?
5
Suppose -3*o - n + 360 = 0, -n - 291 + 891 = 5*o. What is the remainder when o is divided by 11?
10
Let h(p) = -p**2 - 4*p. Calculate the remainder when 5 is divided by h(-3).
2
Let o = 39 + -6. Suppose i + z - o = 0, -57 = -i - i + z. Calculate the remainder when i is divided by 16.
14
Let o = 4 + -3. Let w = 13 - 1. What is the remainder when w is divided by (-22)/(-4) + o/(-2)?
2
Suppose 6*h - 25 = h. Suppose 3*g + 10 = h*p, -g + 5*p - 10 = -0*g. Suppose g*j = j - 6. What is the remainder when 16 is divided by j?
4
Let s = 53 - 41. What is the remainder when 22 is divided by s?
10
Let z = 47 + -28. Let d be 1*6*(-7)/(-2). Suppose -4*v + 4*l + 124 = 0, 2*l = v - l - d. What is the remainder when v is divided by z?
17
Let o = -16 - -7. Let i = o - -15. Suppose 7*s - 4*s = 63. Calculate the remainder when s is divided by i.
3
Suppose 0 = a - n + 4*n + 2, -n = 1. What is the remainder when 3 is divided by a?
0
Let z = -28 - -90. Calculate the remainder when z is divided by 16.
14
Suppose 0*r = -5*r + 30. Let w(f) = 2*f**2 + 1. What is the remainder when w(-2) is divided by r?
3
Calculate the remainder when ((-118)/(-6))/(3/9) is divided by 31.
28
Calculate the remainder when (8/5)/((-11)/(110/(-4))) is divided by 4.
0
Suppose -m - 4 = -5*m. Suppose 56*y - 53*y = 15. Calculate the remainder when 5/(y/22)*m is divided by 8.
6
Let s(r) = -5*r - 8. Let y = 10 - 3. Calculate the remainder when y is divided by s(-2).
1
Suppose 1 - 16 = 4*t - 5*b, 3*b = 2*t + 9. Let v(k) = k**2 - 2*k + 67. Calculate the remainder when v(t) is divided by 14.
11
Let o = 12 + 36. What is the remainder when o is divided by 17?
14
Let i(z) = z**3 + 2*z**2 - 1. Let t be i(1). Suppose s - 2*s = 4*f - 212, -t*f + 3*s + 120 = 0. Let p = f + -32. What is the remainder when 65 is divided by p?
21
Let t = 67 - 43.